 - 14. What is the remainder when 23 - u/(14/(-4)) is divided by o?
7
Suppose -4*z + h = -4*h + 2619, -2628 = 4*z + 4*h. Let y = 4 - -1. What is the remainder when y is divided by (-4)/26 - z/208?
2
Suppose 3*v + 3 - 7 = 4*q, 4*q - 4 = v. Let s(r) = -15*r + 54*r - 22*r - v. What is the remainder when 25 is divided by s(1)?
12
Let i be (((-16)/8)/((-2)/(-38)))/(-2). Suppose -i*y = -16*y - 126. What is the remainder when y is divided by 23?
19
What is the remainder when (-6)/9*426/(-4) is divided by (-16)/20*665/(-28)?
14
Suppose -40*y = -39*y - 70. Let z = 102 - y. What is the remainder when z is divided by 17?
15
Let s(f) = 7*f**2 - f + 6. Suppose -3*t + 213 = -5*g - 31, 2*t = g + 158. Suppose -10 = 4*h - t. What is the remainder when s(3) is divided by h?
15
Suppose -22 = -4*o + 70. Let g = 8 + -5. Suppose -g*h + 24 = -0. What is the remainder when o is divided by h?
7
Let h = 852 - 768. What is the remainder when h is divided by 5?
4
Suppose 0*o + 3*o - 15 = 0. Suppose -x - 3*x + o*j = -536, 4*x = -j + 512. Calculate the remainder when x is divided by 33.
30
Let h(n) = -2*n**3 - 11*n**2 - 8*n - 44. Calculate the remainder when h(-8) is divided by 9.
7
Let x(k) = -k**2 - 5*k + 7. Let m be x(-6). Calculate the remainder when (-1 + 0)*m*-65 is divided by 18.
11
Let i = -337 + 395. What is the remainder when 287 is divided by i?
55
Let k be -4*4/(-32)*12. Let u be k/(-4)*(-16)/(-12). What is the remainder when 79 is divided by -3 - u/2*23?
19
Let k be (-1 + (-4 - -5))/1. Let t(n) = -n**3 - n - 6. Let s be t(k). Let y = 9 - s. What is the remainder when 44 is divided by y?
14
Suppose -5*r = -2*j + 6*j - 90, -2*r = -2*j - 18. What is the remainder when (-18)/(-27) + r/6 is divided by 2?
1
Let n = 27 + -16. Suppose s + 744 = 5*s. Calculate the remainder when s is divided by n.
10
Let l(k) = -k + 10. Let q be l(-8). Let x = q + -12. Suppose x*n + 1 = 139. What is the remainder when 91 is divided by n?
22
Let p = 570 - 135. Calculate the remainder when p is divided by 22.
17
Suppose 0 = 3*z - 5*h + 28 - 9, -3*h + 21 = 3*z. Let m be (-12)/(-16)*z*2. Let i(n) = n**3 - 3*n + 1. What is the remainder when i(m) is divided by 5?
4
Let b(n) = n**3 - 7*n**2 + 6*n - 4. Suppose -5*k + 17 = r, -3*r + 3*k - 41 = -8*r. Calculate the remainder when 72 is divided by b(r).
34
Let x(g) = 2*g + 4. Let f(b) = b**3 - 8*b**2 + 13*b - 11. Let w be (-2)/(-8) + 54/8. What is the remainder when f(w) is divided by x(6)?
15
Let s(b) = 3*b**3 + 3*b**2 - 7*b + 4. Let l(j) = 2*j**3 + 3*j**2 - 6*j + 4. Let c(m) = -4*l(m) + 3*s(m). Calculate the remainder when c(5) is divided by 16.
13
Let v(k) be the first derivative of k**2 - 7*k - 2. Let x(s) = s**2 - 15*s + 32. Calculate the remainder when x(14) is divided by v(6).
3
Let y be (-14)/(-4) + (-1)/(-2). Let i = 2 + y. Calculate the remainder when 16 is divided by i.
4
Suppose 26*b - 106 = 4626. What is the remainder when b is divided by 46?
44
Let n = -19 + 16. Let q(j) = -26*j + 1. Suppose 3*i - 3 = 0, -55 = -4*z + 4*i + 5. What is the remainder when q(n) is divided by z?
15
Let n = -94 + 120. Calculate the remainder when 51 is divided by n.
25
Suppose g - 2*p + 72 = 0, -5*p + 4 = -6. Let s = g - -100. What is the remainder when s is divided by 9?
5
Suppose 2*l + 5235 = 5*v, -3*v - 5*l = -v - 2123. Suppose 0 = 10*z - v - 1021. Calculate the remainder when z is divided by 21.
18
Let s be ((-10)/(-3) + -3)*27. Let b(i) = -i**2 + 26*i - 56. Calculate the remainder when b(23) is divided by (1/(-3))/((-1)/s).
1
Suppose 46*a - 2240 = -50*a - 16*a. Suppose 3*b + 0*b - 84 = 0. What is the remainder when b is divided by a?
8
Let j = 578 + -362. Calculate the remainder when j is divided by 31.
30
Let h(x) = 15*x**2 - 4*x + 2. Let m be 4/(-10) - 6*(-1)/15. Suppose -3*q - z + 19 = m, 5*z + 19 = -q + 2. Calculate the remainder when h(2) is divided by q.
6
Let s(x) = -x - 2. Let i(v) = 8*v - 5*v - v**3 - 1 + 3*v**2 + v. Calculate the remainder when i(3) is divided by s(-6).
3
Suppose -1427*f + 370 = -1422*f. What is the remainder when f is divided by 26?
22
Let f = -128 - -225. Calculate the remainder when f is divided by 30.
7
Let f(b) = 86*b - 375. Calculate the remainder when f(5) is divided by ((-15)/2)/5*-10.
10
Suppose 416 - 234 = 13*f. Calculate the remainder when 130 is divided by f.
4
Let u = -10 + 16. Suppose k - 1 - 5 = 0. What is the remainder when (-11)/(k/(-4) + 7/14) is divided by u?
5
Suppose 0 = 8*j - 6*j - 56. What is the remainder when 136 is divided by j?
24
Suppose 7*n = 2*n + 30. Let b be n/39 - 306/(-39). Let g = -7 + b. What is the remainder when g is divided by 1?
0
Suppose 3*i + 0*i = 6. Suppose 2*a + 5 + 1 = i*s, -3*s + 1 = 5*a. Suppose 0*m = s*m - 34. What is the remainder when 67 is divided by m?
16
Let y = -146 + 147. Calculate the remainder when 32 is divided by y/(2 + (-95)/50).
2
Let j = -6 + 15. Let m be (-37)/(-6) + 1/(-6) + 0. What is the remainder when 3/m*54 + -3 is divided by j?
6
Suppose 228 + 552 = 4*l. Suppose -7*c - 34 + l = 0. Calculate the remainder when c is divided by 12.
11
Let d be (1/((-3)/4))/((-56)/56364). Suppose -7*g = 4*g - d. Calculate the remainder when g is divided by 41.
40
Suppose -40 = -3*i - p, -5*p = -2*i + 24 + 14. Let n = -30 + -107. Let s = n - -141. Calculate the remainder when i is divided by s.
2
Suppose 3*s - 5*b - 14 - 36 = 0, -4*s + 20 = 5*b. Let p = 16 - s. Calculate the remainder when 17 is divided by p.
5
Calculate the remainder when 688 is divided by 1945/40 - 3 - 24/(-64).
44
Let n = 503 + -488. Calculate the remainder when 238 is divided by n.
13
Let s(o) = o**2 - o + 2. Suppose -2*b + 2*z = 7*z + 33, 3*b + 2*z + 22 = 0. Let a(u) = 6*u**2 - 40*u - 40. What is the remainder when s(b) is divided by a(-1)?
4
Let w = -67 + 100. What is the remainder when w is divided by 3/1 + (-30)/(-2)?
15
Suppose -m + 4*c = -0 - 3, -5*m = -4*c - 15. Suppose 0 = 3*f - 3, -4*x - m*f = -107. What is the remainder when 129 is divided by x?
25
Suppose 7*z = 16*z - 207. What is the remainder when 80 is divided by z?
11
Calculate the remainder when -6 - -7 - 38*-2 is divided by 16.
13
Let m(q) = -q**3 - 40*q**2 - 80*q - 42. Let s = 2 + 5. Calculate the remainder when m(-38) is divided by s.
5
Let y(h) = 14*h - 7. Suppose 6*g + 36 = 9*g. What is the remainder when y(3) is divided by g?
11
What is the remainder when 25 is divided by (-260)/325 - 3*8/(-5)?
1
Suppose 133 = 6*y - 677. Suppose 4*u - 6*z = -z + y, -5*z = -25. Calculate the remainder when u is divided by 14.
12
Suppose 5*l = 13 - 8, 3*m - 123 = -3*l. Calculate the remainder when m is divided by 22.
18
Suppose -w + 49 = h + 4*w, -4*h - 2*w = -286. Let k(b) = b**2 - 2. Let c be k(2). Suppose -c*s = -49 - 1. What is the remainder when h is divided by s?
24
Let m(c) = c**3 + 1. Let n(z) = -2*z**3 + 2*z**2 + 4. Let w(x) = m(x) - n(x). What is the remainder when 50 is divided by w(2)?
11
Let q = -2 + 1. Let l = 1 - q. Suppose 0*u + 30 = l*u. Calculate the remainder when 27 is divided by u.
12
Let j(f) = 3*f**2 + 4*f - 158. Calculate the remainder when j(-10) is divided by 10.
2
Suppose 4*f - 3*x - 25 = -2*x, 3*f = -5*x + 13. What is the remainder when 16 is divided by f?
4
Let b be (-10)/6*112/(-80)*-18. Let j = b + 63. Calculate the remainder when 60 is divided by j.
18
Let v(h) = -h**2 + 19*h - 11. What is the remainder when v(10) is divided by 20?
19
Suppose 3*x + 7 = 10*x. Suppose -i - x = -8. Let b = -21 + 34. Calculate the remainder when b is divided by i.
6
Suppose 3*n + 2*q - 54 = 0, -31 = 3*n + 4*q - 79. What is the remainder when 198 is divided by n?
18
Let m = 361 + -291. What is the remainder when m is divided by 15?
10
Let b be (11 + -10)/(2/(-166)). Suppose -4*m = -5*x - 680, 2*x - m = -0*x - 272. Let o = b - x. What is the remainder when o is divided by 18?
17
Let g(d) = -2*d + 5*d + 1 + 1. Suppose 4*c - 5 - 23 = 0. What is the remainder when g(3) is divided by c?
4
Let d = 193 + -116. What is the remainder when d is divided by 26?
25
Let k = 129 - 76. Let n(f) = 2*f**3 + 6*f**2 + 11*f + 44. What is the remainder when k is divided by n(-3)?
9
Let x = -186 + 226. Let f be 7/21 + (-22)/(-6). Calculate the remainder when x is divided by (-2 + 12)*6/f.
10
Calculate the remainder when -5 - ((-28)/6)/(-7)*-105 is divided by 33